34
What is the remainder when 18219286 is divided by 9827?
28
Calculate the remainder when 4275437 is divided by 2780.
2577
Calculate the remainder when 6934598 is divided by 1804.
22
What is the remainder when 13897983 is divided by 31161?
177
Calculate the remainder when 737240 is divided by 368609.
22
Calculate the remainder when 183171 is divided by 60869.
564
Calculate the remainder when 468780 is divided by 1224.
1212
What is the remainder when 101976 is divided by 97011?
4965
What is the remainder when 168790191 is divided by 368?
367
What is the remainder when 1243387 is divided by 262?
197
What is the remainder when 146569 is divided by 143?
137
Calculate the remainder when 27500 is divided by 108.
68
Calculate the remainder when 2639834 is divided by 2639672.
162
Calculate the remainder when 64461784 is divided by 1018.
1006
Calculate the remainder when 1176565 is divided by 294138.
13
What is the remainder when 8830652 is divided by 103889?
87
Calculate the remainder when 153871 is divided by 1379.
802
What is the remainder when 53283621 is divided by 61?
60
What is the remainder when 5169125 is divided by 48?
5
Calculate the remainder when 54223863 is divided by 2574.
2553
What is the remainder when 42928 is divided by 39591?
3337
What is the remainder when 125980606 is divided by 54?
10
What is the remainder when 467662 is divided by 1608?
1342
Calculate the remainder when 176681158 is divided by 45.
43
Calculate the remainder when 142161 is divided by 3066.
1125
What is the remainder when 291531 is divided by 1121?
71
What is the remainder when 161754334 is divided by 4728?
4726
Calculate the remainder when 67949165 is divided by 67011.
11
Calculate the remainder when 3833595 is divided by 10590.
15
What is the remainder when 1326114 is divided by 441967?
213
What is the remainder when 27631895 is divided by 58?
57
Calculate the remainder when 275612 is divided by 2876.
2392
What is the remainder when 1659319 is divided by 204?
187
What is the remainder when 205675017 is divided by 13912?
9
Calculate the remainder when 1831311 is divided by 83.
82
Calculate the remainder when 8238 is divided by 3838.
562
What is the remainder when 468180 is divided by 224?
20
What is the remainder when 68382 is divided by 762?
564
Calculate the remainder when 64845989 is divided by 22.
21
Calculate the remainder when 981219 is divided by 65336.
1179
What is the remainder when 448689 is divided by 946?
285
Calculate the remainder when 222651 is divided by 723.
690
What is the remainder when 8455102 is divided by 834?
10
Calculate the remainder when 150502 is divided by 7475.
1002
Calculate the remainder when 593679963 is divided by 56.
51
Calculate the remainder when 6131997 is divided by 17322.
9
What is the remainder when 35209092 is divided by 24?
12
What is the remainder when 6987780 is divided by 5799?
5784
Calculate the remainder when 2250293 is divided by 1125122.
49
What is the remainder when 188094 is divided by 1245?
99
What is the remainder when 19811292 is divided by 40?
12
What is the remainder when 67381178 is divided by 1567004?
6
What is the remainder when 3702935 is divided by 554?
553
What is the remainder when 12830439 is divided by 29?
27
What is the remainder when 6531276 is divided by 212?
192
Calculate the remainder when 44919110 is divided by 22790.
20
What is the remainder when 84038 is divided by 356?
22
What is the remainder when 1427202 is divided by 35?
7
What is the remainder when 141196 is divided by 140912?
284
Calculate the remainder when 155442 is divided by 771.
471
Calculate the remainder when 5106141 is divided by 1702009.
114
What is the remainder when 1300658 is divided by 649939?
780
What is the remainder when 12312114 is divided by 176?
34
What is the remainder when 115357047 is divided by 1698?
21
Calculate the remainder when 137055 is divided by 6231.
6204
What is the remainder when 189832 is divided by 63266?
34
Calculate the remainder when 1512196 is divided by 100.
96
What is the remainder when 38507 is divided by 5446?
385
What is the remainder when 5470364 is divided by 23?
21
What is the remainder when 2437276 is divided by 2364?
2356
What is the remainder when 51561 is divided by 3682?
13
What is the remainder when 2203036 is divided by 251?
9
Calculate the remainder when 5228 is divided by 1445.
893
What is the remainder when 10353398 is divided by 369?
365
What is the remainder when 13488821 is divided by 5611?
5588
What is the remainder when 487780 is divided by 427?
146
What is the remainder when 396589 is divided by 131272?
2773
Calculate the remainder when 9753135 is divided by 20.
15
What is the remainder when 850108 is divided by 106262?
12
Calculate the remainder when 1331862 is divided by 49.
42
What is the remainder when 217587 is divided by 321?
270
What is the remainder when 279107 is divided by 137884?
3339
Calculate the remainder when 30671911 is divided by 6134378.
21
Calculate the remainder when 80668395 is divided by 26345.
5
What is the remainder when 564625 is divided by 94104?
1
What is the remainder when 186540 is divided by 412?
316
Calculate the remainder when 523202 is divided by 15190.
6742
What is the remainder when 38817 is divided by 4312?
9
Calculate the remainder when 30400263 is divided by 2981.
25
What is the remainder when 137105 is divided by 55?
45
What is the remainder when 2277310 is divided by 13?
9
Calculate the remainder when 35656964 is divided by 6502.
6498
Calculate the remainder when 1415299 is divided by 17.
15
What is the remainder when 294648997 is divided by 2261?
2260
What is the remainder when 314716854 is divided by 104905618?
0
What is the remainder when 14712267 is divided by 2648?
2627
What is the remainder when 273167 is divided by 45525?
17
What is the remainder when 11253455 is divided by 1523?
8
Calculate the remainder when 14819264 is divided by 77.
75
What is the remainder when 110832593 is divided by 2593?
2587
Calculate the remainder when 235220998 is divided by 4.
2
Calculate the remainder when 172789 is divided by 10517.
4517
What is the remainder when 3348398 is divided by 7079?
31
Calculate the remainder when 700765 is divided by 4713.
3241
What is the remainder when 25752037 is divided by 23?
18
What is the remainder when 1673433 is divided by 564?
45
Calculate the remainder when 1082331 is divided by 90.
81
What is the remainder when 18518 is divided by 169?
97
What is the remainder when 56640 is divided by 28320?
0
What is the remainder when 12267563 is divided by 149?
95
What is the remainder when 9840912 is divided by 52625?
37
What is the remainder when 2419199 is divided by 150?
149
Calculate the remainder when 26421790 is divided by 23177.
10
Calculate the remainder when 15540774 is divided by 413.
410
What is the remainder when 65334 is divided by 10883?
36
What is the remainder when 107253 is divided by 13090?
2533
Calculate the remainder when 7317135 is divided by 5920.
15
What is the remainder when 743881 is divided by 141?
106
Calculate the remainder when 3951670 is divided by 1474.
1350
What is the remainder when 519914 is divided by 122?
72
Calculate the remainder when 81928 is divided by 27301.
25
Calculate the remainder when 1134066 is divided by 20251.
10
Calculate the remainder when 2554731 is divided by 851576.
3
What is the remainder when 525795494 is divided by 202?
200
What is the remainder when 233995 is divided by 692?
99
What is the remainder when 976164 is divided by 23234?
336
Calculate the remainder when 8783019 is divided by 15656.
3
What is the remainder when 156573198 is divided by 1990?
1988
What is the remainder when 23818 is divided by 4241?
2613
What is the remainder when 1316904 is divided by 59?
24
Calculate the remainder when 451996312 is divided by 8545.
8537
What is the remainder when 470059 is divided by 10973?
9193
What is the remainder when 2963672 is divided by 740906?
48
What is the remainder when 1532820 is divided by 306560?
20
Calculate the remainder when 2554583 is divided by 340.
163
Calculate the remainder when 686850 is divided by 14931.
24
What is the remainder when 5727958 is divided by 25?
8
Calculate the remainder when 312388 is divided by 549.
7
Calculate the remainder w